11*h(c) - 4*z(c). Let o = 333 + -329. Give n(o).
1
Let b(f) be the second derivative of f**5/20 - f**3/6 - 3*f**2/2 + 492*f. Determine b(2).
3
Let m be 9/(-18) + 62/4. Suppose m = -7*h + 2*h. Let g(f) = 2*f**3 - f**3 + f**2 + 2*f + f + 3 - 4*f. Calculate g(h).
-12
Let w(f) = f**2 + f + 3. Let n(r) = 3*r**2 + 17*r + 6. Let a(v) = -n(v) + 4*w(v). Give a(8).
-34
Let u(g) = -g**3 + 1 - g + 74*g**2 + 3 - 40*g**2 - 37*g**2. What is u(-3)?
7
Let r(g) = -10*g - 63 + g**3 + 144 + 9*g**2 + 0*g**3 - 70. Give r(-10).
11
Suppose -13*l + 4 = -9*l. Let i be -6 - (l - -2*(-6)/4). Let f(q) = 3*q + 6. Calculate f(i).
-6
Suppose -5*z = -7*f + 2*f - 50, 3*z = 2*f + 19. Let a(m) = -m - 20. Give a(f).
-9
Let h(y) = 3*y + 7. Let x be h(-4). Let c(m) be the second derivative of m**5/20 + m**4/4 - 5*m**3/6 - m**2/2 - 131*m + 2. Calculate c(x).
-26
Let h(v) be the first derivative of v**4/8 - v**3/3 + 11*v**2/2 - 1. Let g(y) be the second derivative of h(y). Suppose -2*r - 6 = -5*r. What is g(r)?
4
Let p(k) = k**3 + 12*k**2 - 13*k + 4. Let a(x) = -x + 9*x - 10*x - 7. Let o be a(3). Give p(o).
4
Let f be (-4)/6 + (-33)/(-9). Let o(n) = -5*n**3 + 7*n**2 - 4*n + 1. Let h(a) = 14*a**3 - 20*a**2 + 11*a - 3. Let i(s) = 4*h(s) + 11*o(s). Determine i(f).
-1
Suppose -2*m + 4 + 4 = 0. Suppose -4*j + 8 = 0, -18*j = 5*q - 23*j - 40. Suppose m*s - 2 = q. Let r(k) = k - 3. What is r(s)?
0
Let g(q) = -2*q**2 - 5*q - 3*q**2 + 6 + 3*q**2. Let s be 5/((-24)/6 + 3). Give g(s).
-19
Let q(s) = -3*s + 4. Let t be 13 - (0 + -1)*1. Let z = t + -9. Suppose 0 = -2*o - 2*o - 4, z*o + 2 = v. Give q(v).
13
Let m(w) be the second derivative of -w**4/12 - w**3 - 3*w**2/2 - 5*w + 3. Give m(-5).
2
Let x(h) = -3*h**2 + 12*h + 8. Let f(j) = -j**2 - 1. Let r(c) = 4*f(c) - x(c). What is r(-8)?
20
Suppose 2*x = -4*y + 14, -4*x = -10*y + 5*y + 50. Suppose h - 4*h = -y, 0 = 2*a + h - 4. Let u(z) = 6*z**3 - 2*z**2 + 1. Give u(a).
5
Let p(f) = f + 2. Let n be p(0). Suppose -n*t + 3*t + 5*h = -4, -4*t = -2*h - 28. Let q(a) = 5*a - 2*a**2 - 6*a + 0*a + t*a**2. Calculate q(-1).
5
Suppose v + 4*q = -4*v + 775, 310 = 2*v - 3*q. Let u = v + -149. Let x(r) = -r. What is x(u)?
-6
Let f(t) be the first derivative of -t**2/2 - 12. Let p be ((-6)/8 - 3/12)/1. What is f(p)?
1
Let t(o) = o. Let q(v) = -v**2 - 3*v + 9. Let p(g) = -q(g) - 2*t(g). Let x be ((2 - 2)/(-2))/(-2). Determine p(x).
-9
Let h be ((-16)/10)/(2/(-5)). Let b(x) = -h + 3 + 2 - 2*x. Suppose 0*u = -u - 4. Calculate b(u).
9
Let w(g) = -g + 24. Let q(l) = -91*l + 837. Let r be q(9). What is w(r)?
6
Let k(r) = r**3 - 15*r**2 - r + 17. Let y be k(15). Let q(s) = 3 + 100*s - 53*s + y*s**2 - 51*s. Determine q(2).
3
Suppose -5*r - 4*o = -3*r - 30, -2*o = 2*r - 34. Let v = -15 + r. Let c(u) be the third derivative of u**5/60 - u**4/12 - 2*u**3/3 + 5*u**2. Calculate c(v).
4
Let d be (32/6)/((-10)/30). Let l = 12 + d. Let x(o) = -1 - 2*o**2 - 3*o**2 - 5*o + 3*o**2. Determine x(l).
-13
Let d(a) = 12*a**3 + 5*a**2 + 7*a - 24. Let h(w) = -17*w**3 - 7*w**2 - 10*w + 36. Let v(n) = -7*d(n) - 5*h(n). Give v(0).
-12
Suppose -13 + 3 = 5*n. Let k(g) = g**2 + 483 - 971 - 3*g + 485. Give k(n).
7
Let v(c) = c**3 - 23*c**2 + 7*c - 163. Let f be v(23). Suppose -5*i + 8 = -2. Let m(k) = -k**3 + 3*k - i + k**2 - 3*k. Calculate m(f).
10
Let s(t) = -12*t + 7. Let h(r) = 6*r - 3. Let u(y) = 9*h(y) + 4*s(y). Suppose 0*x = 11*x + 22. Calculate u(x).
-11
Let u(k) be the third derivative of k**4/24 + k**3/6 + 11*k**2. Let q(y) = -4*y - 4. Let c(x) = -q(x) - 3*u(x). What is c(-1)?
0
Let x(f) = f**3 - 2*f**2 + 1. Suppose -4*z = -7*z + 15. Let l(d) = -d**2 + 3*d + 9. Let t be l(z). Let j be t/((-2)/(-4)*-1). Give x(j).
1
Let p(a) = -a**2 - a + 9. Suppose 0 = 2*d - 3*i + 10, -2*d + 3*d + i = -10. Determine p(d).
-47
Let g = -54 + 56. Let o(y) = 2 - 734*y**2 - 1 + 735*y**g - 3*y. Give o(4).
5
Let b(z) = z**2 + 5*z. Suppose 0 = k + r + 3, 0*k - 4*k + 3*r = -23. Suppose 8 = 6*f - k*f. Suppose -2*c + 6 = j, f*j - 2*c + 26 = -2*j. Give b(j).
-4
Let h(x) = -x**2 - 8*x. Suppose 0 = 5*n + 25, 3*n + 36 = -5*q - 9. Give h(q).
12
Let p(d) = d**2 + 6*d - 5. Let l be (2/(-6))/((-4)/(-84)) + 0. What is p(l)?
2
Let t be 39/(-9) + (-2)/(-6). Let d(l) = -l**2 + 3*l + 7. Let i(b) = -3*b**2 + 7*b + 15. Let a(r) = 5*d(r) - 2*i(r). Give a(t).
17
Let c(w) = w**2 - 4*w - 2. Let y(z) = z**3 + z**2 + 24*z + 8. Let i(l) = -5*c(l) - y(l). Determine i(-5).
-3
Let n(r) = 5*r**3 - 2*r**2 + 1. Let g be 24/36*3/4*2. Give n(g).
4
Let a(m) be the third derivative of -m**6/120 - 3*m**5/10 - 5*m**4/8 + 17*m**3/3 - 13*m**2 + 4. What is a(-17)?
0
Let k(s) = 3*s - 4. Let q be k(-2). Let o be (-1834)/(-70) + 2/q. Let l = 22 - o. Let m(c) = c**3 + 3*c**2 - 4*c - 1. Calculate m(l).
-1
Suppose 0 = 2*x + 2, 8*h - 4*h + x - 19 = 0. Let c(v) be the third derivative of 1/24*v**4 + 3/20*v**6 + 0*v - 1/60*v**5 + 0 - h*v**2 + 0*v**3. Calculate c(1).
18
Suppose -5*f + l = -17, 4*f - 2*l - 3*l = 1. Let r(o) be the second derivative of -o**2 + 0*o**f + 0 + 1/20*o**5 + 4*o - 1/6*o**3. Determine r(2).
4
Suppose -3*n + a - 9 = 0, -3*n - a - a - 18 = 0. Let s(f) be the first derivative of 2*f**3/3 + 3*f**2 + 2*f + 21. Calculate s(n).
10
Let m(b) = -1 + 0*b**2 - b**2 + 11158*b - 11161*b. Suppose -5*i + 4 = 34. Let a(l) = -l - 8. Let j be a(i). What is m(j)?
1
Let v(p) = p**2 - 7*p - 7. Let b be (2/4)/(18/324). Give v(b).
11
Let a(d) = 99 + 3*d + 0*d - 93 - 4*d. Determine a(-8).
14
Let q be 10/(-45) + 424/(-36). Let x be (15 + q)*2/(-3). Let g(a) = -a**2. Let r(s) = -4*s**2 + s + 1. Let b(k) = 3*g(k) - r(k). What is b(x)?
5
Let i(p) = p**3 + 5*p**2 + 8*p + 13. Let h be i(-3). Let j(x) = -5*x + 9. Let w(t) = 2*t - 3. Let q(m) = 3*j(m) + 8*w(m). Calculate q(h).
10
Let m(r) = -r**2 - 6*r - 5. Suppose -4*z + 2*z + 44 = 0. Suppose 0 = -3*v + 7 - z. Give m(v).
0
Let i(s) = -10*s. Let r = 18 + -20. Let g(w) = w**2 + 4*w + 5. Let b be g(r). Calculate i(b).
-10
Let j(k) be the second derivative of k**5/10 + k**4/6 - k**3/3 + k**2/2 + 2*k. Let a = -3352 - -3353. What is j(a)?
3
Let d(l) = 11*l - 44. Suppose 60 = -412*n + 427*n. Determine d(n).
0
Let f(w) be the third derivative of w**5/60 + 11*w**4/24 - 2*w**3 + w**2 + 40*w. Determine f(-11).
-12
Let a(t) = -2*t**3 + 2*t**2 - t - 2. Let c = -395 + 397. Determine a(c).
-12
Let r(p) = -p + 4. Suppose 4*s + 0*s = -3*h - 25, 0 = -2*h + 2*s - 26. Let i = -14 - h. Determine r(i).
7
Let a(m) = -3*m**2 - 2*m + 3. Suppose 5*o - 6 = -j + 18, -1 = j. Let b(i) = i**3 - 6*i**2 + 6*i - 8. Let v be b(o). Calculate a(v).
-18
Let z(x) = -13*x**2 - 11*x - 5. Let a(m) = -7*m**2 - 6*m - 3. Suppose 3*s - 21 = -4*s. Let n(j) = s*z(j) - 5*a(j). What is n(-2)?
-10
Let g(i) = i**3 - 2*i - 2. Suppose 29 = s - 1. Let p be ((-6)/4)/((-15)/s). Suppose 7*c + p = -11. Determine g(c).
-6
Let b(z) = -z**3 + 10*z**2 - 17*z + 8. Let y be b(8). Let w(g) = -g**2 - g - 8. Determine w(y).
-8
Let r(d) = 3*d**2 + 39*d - 39*d. Give r(-1).
3
Let m(w) = w**3 - 6*w**2 + 6*w - 3. Suppose -8*i = i - 729. Let z = 86 - i. Determine m(z).
2
Let n(q) = q**3 - 8*q**2 + 11*q - 5. Suppose 0*x + 6 = 3*x. Suppose -v - 2*v = x*l - 23, -5*l + 5 = 0. Calculate n(v).
23
Let y(v) = 2*v**2 - v - 4. Let o(q) = -4*q**2 + 3*q + 8. Suppose -3*h + 5 = 17. Let b(r) = h*o(r) - 9*y(r). Calculate b(-3).
-5
Let d(p) = -7*p + 4. Suppose 6 = -0*k + 3*k. Suppose -2*t + 4 = -k. Give d(t).
-17
Let z(g) = -2*g. Let t be z(1). Let q be (t/4)/((-1)/10). Let p(x) = -x**3 + 4*x**2 + 4*x + 2. What is p(q)?
-3
Let u(i) = -i**2 - i + 5. Suppose -3*f = -0*f - 9. Suppose -f*q = 2*q. What is u(q)?
5
Let x(y) = y + 7. Suppose -4*m + 28 = 2*d, -m - 2*d = 2 - 6. Give x(m).
15
Suppose 12 = 3*q, 5*q + 5 = 3*h - 2. Suppose 2*r + r = -4*k + 13, h = 3*r. Let x(j) be the second derivative of -7*j**5/10 + j**3/6 - j**2/2 - 2*j. Give x(k).
-14
Let i = 22 + -16. Suppose -2*t - i = -0. Let n(f) be the third derivative of f**5/60 + f**4/4 + f**3/2 + f**2. Calculate n(t).
-6
Let f(p) = -p. Let i(n) = -n**2 + 7*n + 1. Let k(w) = -6*f(w) - i(w). Determine k(3).
5
Let a(x) be the first derivative of -x**6/360 + x**5/40 - x**4/4 - 17*x**3/3 - 17. Let n(h) be the third derivative of a(h). What is n(4)?
-10
Let q(u) = u**3 + 9*u + 52*u**2 - 16 + 0 - 40*u**2 + 0*u**3. What is q(-11)?
6
Let t(y) = 21*y**3 - y**2 + 